{"id":2390,"date":"2025-09-26T12:12:20","date_gmt":"2025-09-26T10:12:20","guid":{"rendered":"https:\/\/www.camping-des-familles.com\/mentions-legales\/"},"modified":"2025-11-19T14:31:54","modified_gmt":"2025-11-19T13:31:54","slug":"information-legal","status":"publish","type":"page","link":"https:\/\/www.camping-des-familles.com\/es\/information-legal\/","title":{"rendered":"Informaci\u00f3n legal"},"content":{"rendered":"\n<section class=\"wp-block-group home-third bis has-global-padding is-layout-constrained wp-block-group-is-layout-constrained\">\n<h1 class=\"wp-block-heading has-text-align-left full-width has-damirone-font-family has-custom-color-1-color has-text-color\" style=\"margin-top:0px;margin-right:0px;margin-bottom:0px;margin-left:0px;padding-bottom:var(--wp--preset--spacing--20);font-size:clamp(28.836px, 1.802rem + ((1vw - 3.2px) * 1.721), 50px);font-style:normal;font-weight:400;line-height:1.2;text-transform:uppercase\">Informaci\u00f3n legal<\/h1>\n\n\n\n<p class=\"has-custom-color-3-color has-text-color has-link-color wp-elements-023c0cd2c2f8d2ba1df774ac61e012f0\" style=\"line-height:1.9\">Consulta a continuaci\u00f3n los avisos legales de la p\u00e1gina web de nuestro camping.<\/p>\n\n\n\n<h2 class=\"wp-block-heading has-custom-color-3-color has-text-color has-link-color wp-elements-620d877de77b10c30aae6c86468aa209\">EDITOR DEL SITIO WEB<\/h2>\n\n\n\n<p class=\"has-custom-color-3-color has-text-color has-link-color wp-elements-782144a7d2797c31bd0019d3fb5abebd\" style=\"line-height:1.9\">CAMPING DES FAMILLES SAS<br\/>3 Chemin de la Lande,<br\/>33590 GRAYAN-ET-L&#8217;H\u00d4PITAL<br\/>T\u00e9l : <a href=\"tel:0556094320\">05 56 09 43 20<\/a><br\/>Email : <strong>contact@camping-des-familles.com<\/strong><br\/>N\u00b0 Siret : 39096092000010<br\/>TVA intercommunautaire : FR94390960920<br\/>Capital social : 10 000 \u20ac<br\/>Responsable de publication : St\u00e9phane Rennou<\/p>\n\n\n\n<p class=\"has-custom-color-3-color has-text-color has-link-color wp-elements-51893235b164b2d95a60e18592324a78\" style=\"line-height:1.9\"><\/p>\n\n\n\n<h2 class=\"wp-block-heading\">PRODUCCI\u00d3N<\/h2>\n\n\n\n<p class=\"has-custom-color-3-color has-text-color has-link-color wp-elements-c38ac3776f0e6f6fe07812f4a0f9fa19\" style=\"line-height:1.9\"><strong>GEEK TONIC<\/strong>, Representada por el Sr. Yohan Darmayan en calidad de Gerente<br\/>Domicilio social: 16 chemin de Sabalce 64100 BAYONNE<br\/>Tel: <a href=\"tel:0532741152\">05 32 74 11 52<\/a><br\/>Correo electr\u00f3nico: <a href=\"mailto:support@geek-tonic.com\">support@geek-tonic.com<\/a><br\/>P\u00e1gina web: <a href=\"https:\/\/www.geek-tonic.com\/\">www.geek-tonic.com<br\/><\/a>SIRET: 89746755100015<br\/>APE: 6201Z<\/p>\n\n\n\n<h2 class=\"wp-block-heading\">DERECHOS DE AUTOR Y COPYRIGHT<\/h2>\n\n\n\n<p class=\"has-custom-color-3-color has-text-color has-link-color wp-elements-9c30902047409044772bd0ad6fe362f5\" style=\"line-height:1.9\">Todo el contenido de este sitio est\u00e1 sujeto a derechos de autor y propiedad intelectual seg\u00fan la legislaci\u00f3n francesa.<br\/>Queda prohibida cualquier reproducci\u00f3n (incluidas fotos, iconos y documentos descargables) sin el consentimiento previo de GEEK TONIC.<br\/>Queda prohibida la reproducci\u00f3n en soporte electr\u00f3nico de todo o parte del sitio en papel o formato electr\u00f3nico.<br\/>GEEK TONIC declina toda responsabilidad por el contenido presente en el sitio web.<br\/>GEEK TONIC declina asimismo toda responsabilidad por los enlaces externos que apunten a este sitio.<\/p>\n\n\n\n<h2 class=\"wp-block-heading\">DATOS PERSONALES E INFORMACI\u00d3N NOMINATIVA<\/h2>\n\n\n\n<p class=\"has-custom-color-3-color has-text-color has-link-color wp-elements-2607bde8591c034fa48ffe3d3d756ce3\" style=\"line-height:1.9\">Tienes derecho a acceder, modificar, rectificar y suprimir los datos que te conciernen, de conformidad con el art\u00edculo 34 de la Ley francesa n\u00ba 78-17 de 6 de enero de 1978, modificada el 6 de agosto de 2018.<br\/>Para ejercer este derecho de acceso, env\u00eda una solicitud por escrito al editor del sitio.<\/p>\n\n\n\n<h2 class=\"wp-block-heading\">LEGISLACI\u00d3N<\/h2>\n\n\n\n<p class=\"has-custom-color-3-color has-text-color has-link-color wp-elements-f772a6987bb8c5e6f7aecfaf8dc31bb4\" style=\"line-height:1.9\">De conformidad con la ley de 11 de marzo de 1957 (art. 41) y el c\u00f3digo de la propiedad intelectual de 1 de julio de 1992, est\u00e1 prohibida la reproducci\u00f3n total o parcial del sitio sin autorizaci\u00f3n previa del editor del sitio.<br\/>Los logotipos, elementos visuales, fotos, v\u00eddeos, cuadros gr\u00e1ficos y textos son propiedad de sus respectivos propietarios.<br\/>Este sitio puede, sin su conocimiento, haber sido enlazado con otros sitios mediante enlaces hipermedia. El editor del sitio declina toda responsabilidad por la informaci\u00f3n presentada en estos otros sitios.<br\/>Los internautas reconocen que el uso de este sitio se rige por la legislaci\u00f3n francesa. <\/p>\n\n\n\n<div style=\"height:100px\" aria-hidden=\"true\" class=\"wp-block-spacer gt-hide-mobile\"><\/div>\n<\/section>\n","protected":false},"excerpt":{"rendered":"<p>Informaci\u00f3n legal Consulta a continuaci\u00f3n los avisos legales de la p\u00e1gina web de nuestro camping. EDITOR DEL SITIO WEB CAMPING DES FAMILLES SAS3 Chemin de la Lande,33590 GRAYAN-ET-L&#8217;H\u00d4PITALT\u00e9l : 05 56 09 43 20Email : contact@camping-des-familles.comN\u00b0 Siret : 39096092000010TVA intercommunautaire : FR94390960920Capital social : 10 000 \u20acResponsable de publication : St\u00e9phane Rennou PRODUCCI\u00d3N GEEK TONIC, [&hellip;]<\/p>\n","protected":false},"author":1,"featured_media":1625,"parent":0,"menu_order":0,"comment_status":"closed","ping_status":"closed","template":"","meta":{"_acf_changed":false,"_seopress_robots_primary_cat":"","_seopress_titles_title":"Informaci\u00f3n legal","_seopress_titles_desc":"Consulta los avisos legales del Camping des Familles Ecolodge: informaci\u00f3n legal, datos de contacto, SIRET y n\u00famero de IVA, conformidad con el RGPD para tu seguridad y transparencia.","_seopress_robots_index":"yes","_gt_ctv_global_id":"14469","_gt_ctv_id_group":false,"inline_featured_image":false,"gt_fse_maillage_image":"https:\/\/www.camping-des-familles.com\/wp-content\/uploads\/2025\/10\/vue-aerienne-foret-ocean.jpg","gt_fse_maillage_titre":"Informaci\u00f3n legal","gt_fse_maillage_alt":"Informaci\u00f3n legal","gt_fse_maillage_resume":"","_gt_maillage_image":0,"_gt_maillage_video":0,"_gt_maillage_title":"","footnotes":""},"categories":[],"tags":[],"class_list":["post-2390","page","type-page","status-publish","has-post-thumbnail","hentry"],"acf":[],"_links":{"self":[{"href":"https:\/\/www.camping-des-familles.com\/es\/wp-json\/wp\/v2\/pages\/2390","targetHints":{"allow":["GET"]}}],"collection":[{"href":"https:\/\/www.camping-des-familles.com\/es\/wp-json\/wp\/v2\/pages"}],"about":[{"href":"https:\/\/www.camping-des-familles.com\/es\/wp-json\/wp\/v2\/types\/page"}],"author":[{"embeddable":true,"href":"https:\/\/www.camping-des-familles.com\/es\/wp-json\/wp\/v2\/users\/1"}],"replies":[{"embeddable":true,"href":"https:\/\/www.camping-des-familles.com\/es\/wp-json\/wp\/v2\/comments?post=2390"}],"version-history":[{"count":7,"href":"https:\/\/www.camping-des-familles.com\/es\/wp-json\/wp\/v2\/pages\/2390\/revisions"}],"predecessor-version":[{"id":4481,"href":"https:\/\/www.camping-des-familles.com\/es\/wp-json\/wp\/v2\/pages\/2390\/revisions\/4481"}],"wp:featuredmedia":[{"embeddable":true,"href":"https:\/\/www.camping-des-familles.com\/es\/wp-json\/wp\/v2\/media\/1625"}],"wp:attachment":[{"href":"https:\/\/www.camping-des-familles.com\/es\/wp-json\/wp\/v2\/media?parent=2390"}],"wp:term":[{"taxonomy":"category","embeddable":true,"href":"https:\/\/www.camping-des-familles.com\/es\/wp-json\/wp\/v2\/categories?post=2390"},{"taxonomy":"post_tag","embeddable":true,"href":"https:\/\/www.camping-des-familles.com\/es\/wp-json\/wp\/v2\/tags?post=2390"}],"curies":[{"name":"wp","href":"https:\/\/api.w.org\/{rel}","templated":true}]}}

Información legal

<section class="wp-block-group home-third bis has-global-padding is-layout-constrained wp-block-group-is-layout-constrained">
<h1 class="wp-block-heading has-text-align-left full-width has-damirone-font-family has-custom-color-1-color has-text-color" style="margin-top:0px;margin-right:0px;margin-bottom:0px;margin-left:0px;padding-bottom:var(--wp--preset--spacing--20);font-size:clamp(28.836px, 1.802rem + ((1vw - 3.2px) * 1.721), 50px);font-style:normal;font-weight:400;line-height:1.2;text-transform:uppercase">Información legal</h1>



<p class="has-custom-color-3-color has-text-color has-link-color wp-elements-023c0cd2c2f8d2ba1df774ac61e012f0" style="line-height:1.9">Consulta a continuación los avisos legales de la página web de nuestro camping.</p>



<h2 class="wp-block-heading has-custom-color-3-color has-text-color has-link-color wp-elements-620d877de77b10c30aae6c86468aa209">EDITOR DEL SITIO WEB</h2>



<p class="has-custom-color-3-color has-text-color has-link-color wp-elements-782144a7d2797c31bd0019d3fb5abebd" style="line-height:1.9">CAMPING DES FAMILLES SAS<br/>3 Chemin de la Lande,<br/>33590 GRAYAN-ET-L&#8217;HÔPITAL<br/>Tél : <a href="tel:0556094320">05 56 09 43 20</a><br/>Email : <strong>contact@camping-des-familles.com</strong><br/>N° Siret : 39096092000010<br/>TVA intercommunautaire : FR94390960920<br/>Capital social : 10 000 €<br/>Responsable de publication : Stéphane Rennou</p>



<p class="has-custom-color-3-color has-text-color has-link-color wp-elements-51893235b164b2d95a60e18592324a78" style="line-height:1.9"></p>



<h2 class="wp-block-heading">PRODUCCIÓN</h2>



<p class="has-custom-color-3-color has-text-color has-link-color wp-elements-c38ac3776f0e6f6fe07812f4a0f9fa19" style="line-height:1.9"><strong>GEEK TONIC</strong>, Representada por el Sr. Yohan Darmayan en calidad de Gerente<br/>Domicilio social: 16 chemin de Sabalce 64100 BAYONNE<br/>Tel: <a href="tel:0532741152">05 32 74 11 52</a><br/>Correo electrónico: <a href="mailto:support@geek-tonic.com">support@geek-tonic.com</a><br/>Página web: <a href="https://www.geek-tonic.com/">www.geek-tonic.com<br/></a>SIRET: 89746755100015<br/>APE: 6201Z</p>



<h2 class="wp-block-heading">DERECHOS DE AUTOR Y COPYRIGHT</h2>



<p class="has-custom-color-3-color has-text-color has-link-color wp-elements-9c30902047409044772bd0ad6fe362f5" style="line-height:1.9">Todo el contenido de este sitio está sujeto a derechos de autor y propiedad intelectual según la legislación francesa.<br/>Queda prohibida cualquier reproducción (incluidas fotos, iconos y documentos descargables) sin el consentimiento previo de GEEK TONIC.<br/>Queda prohibida la reproducción en soporte electrónico de todo o parte del sitio en papel o formato electrónico.<br/>GEEK TONIC declina toda responsabilidad por el contenido presente en el sitio web.<br/>GEEK TONIC declina asimismo toda responsabilidad por los enlaces externos que apunten a este sitio.</p>



<h2 class="wp-block-heading">DATOS PERSONALES E INFORMACIÓN NOMINATIVA</h2>



<p class="has-custom-color-3-color has-text-color has-link-color wp-elements-2607bde8591c034fa48ffe3d3d756ce3" style="line-height:1.9">Tienes derecho a acceder, modificar, rectificar y suprimir los datos que te conciernen, de conformidad con el artículo 34 de la Ley francesa nº 78-17 de 6 de enero de 1978, modificada el 6 de agosto de 2018.<br/>Para ejercer este derecho de acceso, envía una solicitud por escrito al editor del sitio.</p>



<h2 class="wp-block-heading">LEGISLACIÓN</h2>



<p class="has-custom-color-3-color has-text-color has-link-color wp-elements-f772a6987bb8c5e6f7aecfaf8dc31bb4" style="line-height:1.9">De conformidad con la ley de 11 de marzo de 1957 (art. 41) y el código de la propiedad intelectual de 1 de julio de 1992, está prohibida la reproducción total o parcial del sitio sin autorización previa del editor del sitio.<br/>Los logotipos, elementos visuales, fotos, vídeos, cuadros gráficos y textos son propiedad de sus respectivos propietarios.<br/>Este sitio puede, sin su conocimiento, haber sido enlazado con otros sitios mediante enlaces hipermedia. El editor del sitio declina toda responsabilidad por la información presentada en estos otros sitios.<br/>Los internautas reconocen que el uso de este sitio se rige por la legislación francesa. </p>



<div style="height:100px" aria-hidden="true" class="wp-block-spacer gt-hide-mobile"></div>
</section>

<p>Información legal Consulta a continuación los avisos legales de la página web de nuestro camping. EDITOR DEL SITIO WEB CAMPING DES FAMILLES SAS3 Chemin de la Lande,33590 GRAYAN-ET-L&#8217;HÔPITALTél : 05 56 09 43 20Email : contact@camping-des-familles.comN° Siret : 39096092000010TVA intercommunautaire : FR94390960920Capital social : 10 000 €Responsable de publication : Stéphane Rennou PRODUCCIÓN GEEK TONIC, [&hellip;]</p>

Consulta los avisos legales del Camping des Familles Ecolodge: información legal, datos de contacto, SIRET y número de IVA, conformidad con el RGPD para tu seguridad y transparencia.
